{"id":83,"date":"2023-01-05T21:45:27","date_gmt":"2023-01-05T19:45:27","guid":{"rendered":"https:\/\/logopraxis.org\/?page_id=83"},"modified":"2024-01-02T21:47:24","modified_gmt":"2024-01-02T19:47:24","slug":"team","status":"publish","type":"page","link":"https:\/\/logopraxis.org\/index.php\/team\/","title":{"rendered":"Team"},"content":{"rendered":"\n<p class=\"has-text-align-left\" style=\"font-size:23px\">Unser erfahrenes Team besteht aus zwei Logop\u00e4dinnen und einer Sprachheilp\u00e4dagogin:<\/p>\n\n\n\n<div class=\"wp-block-columns is-layout-flex wp-container-core-columns-is-layout-28f84493 wp-block-columns-is-layout-flex\">\n<div class=\"wp-block-column is-layout-flow wp-block-column-is-layout-flow\">\n<div class=\"wp-block-group is-layout-constrained wp-block-group-is-layout-constrained\">\n<p><strong>Birgit Poschauko-Kalb<\/strong><br>&#8211; staatlich gepr\u00fcfte Logop\u00e4din<br>&#8211; sektorale Heilpraktikerin Logop\u00e4die<br>&#8211; Marburger Konzentrationstrainerin<\/p>\n\n\n\n<hr class=\"wp-block-separator has-alpha-channel-opacity is-style-wide\"\/>\n\n\n\n<div class=\"wp-block-columns is-layout-flex wp-container-core-columns-is-layout-28f84493 wp-block-columns-is-layout-flex\">\n<div class=\"wp-block-column is-layout-flow wp-block-column-is-layout-flow\">\n<p><strong>Cornelia Renker<\/strong><br>staatlich gepr\u00fcfte Logop\u00e4din<\/p>\n<\/div>\n\n\n\n<div class=\"wp-block-column is-layout-flow wp-block-column-is-layout-flow\">\n<p><strong>Heike Saller<\/strong><br>Sprachheilp\u00e4dagogin<\/p>\n<\/div>\n<\/div>\n<\/div>\n\n\n\n<hr class=\"wp-block-separator has-alpha-channel-opacity is-style-wide\"\/>\n\n\n\n<p><strong>Alexandra Paulibl<\/strong><br>B\u00fcro- und Praxishilfe<\/p>\n\n\n\n<p><\/p>\n\n\n\n<p><\/p>\n\n\n\n<p><\/p>\n<\/div>\n<\/div>\n","protected":false},"excerpt":{"rendered":"<p>Unser erfahrenes Team besteht aus zwei Logop\u00e4dinnen und einer Sprachheilp\u00e4dagogin: Birgit Poschauko-Kalb&#8211; staatlich gepr\u00fcfte Logop\u00e4din&#8211; sektorale Heilpraktikerin Logop\u00e4die&#8211; Marburger Konzentrationstrainerin Cornelia Renkerstaatlich gepr\u00fcfte Logop\u00e4din Heike SallerSprachheilp\u00e4dagogin Alexandra PauliblB\u00fcro- und Praxishilfe<\/p>\n","protected":false},"author":1,"featured_media":0,"parent":0,"menu_order":0,"comment_status":"closed","ping_status":"closed","template":"","meta":{"zakra_page_container_layout":"customizer","zakra_page_sidebar_layout":"customizer","zakra_remove_content_margin":false,"zakra_sidebar":"customizer","zakra_transparent_header":"customizer","zakra_logo":0,"zakra_main_header_style":"default","zakra_menu_item_color":"","zakra_menu_item_hover_color":"","zakra_menu_item_active_color":"","zakra_menu_active_style":"","zakra_page_header":true,"_themeisle_gutenberg_block_has_review":false,"footnotes":""},"class_list":["post-83","page","type-page","status-publish","hentry"],"_links":{"self":[{"href":"https:\/\/logopraxis.org\/index.php\/wp-json\/wp\/v2\/pages\/83","targetHints":{"allow":["GET"]}}],"collection":[{"href":"https:\/\/logopraxis.org\/index.php\/wp-json\/wp\/v2\/pages"}],"about":[{"href":"https:\/\/logopraxis.org\/index.php\/wp-json\/wp\/v2\/types\/page"}],"author":[{"embeddable":true,"href":"https:\/\/logopraxis.org\/index.php\/wp-json\/wp\/v2\/users\/1"}],"replies":[{"embeddable":true,"href":"https:\/\/logopraxis.org\/index.php\/wp-json\/wp\/v2\/comments?post=83"}],"version-history":[{"count":12,"href":"https:\/\/logopraxis.org\/index.php\/wp-json\/wp\/v2\/pages\/83\/revisions"}],"predecessor-version":[{"id":527,"href":"https:\/\/logopraxis.org\/index.php\/wp-json\/wp\/v2\/pages\/83\/revisions\/527"}],"wp:attachment":[{"href":"https:\/\/logopraxis.org\/index.php\/wp-json\/wp\/v2\/media?parent=83"}],"curies":[{"name":"wp","href":"https:\/\/api.w.org\/{rel}","templated":true}]}}

<p class="has-text-align-left" style="font-size:23px">Unser erfahrenes Team besteht aus zwei Logopädinnen und einer Sprachheilpädagogin:</p>



<div class="wp-block-columns is-layout-flex wp-container-core-columns-is-layout-28f84493 wp-block-columns-is-layout-flex">
<div class="wp-block-column is-layout-flow wp-block-column-is-layout-flow">
<div class="wp-block-group is-layout-constrained wp-block-group-is-layout-constrained">
<p><strong>Birgit Poschauko-Kalb</strong><br>&#8211; staatlich geprüfte Logopädin<br>&#8211; sektorale Heilpraktikerin Logopädie<br>&#8211; Marburger Konzentrationstrainerin</p>



<hr class="wp-block-separator has-alpha-channel-opacity is-style-wide"/>



<div class="wp-block-columns is-layout-flex wp-container-core-columns-is-layout-28f84493 wp-block-columns-is-layout-flex">
<div class="wp-block-column is-layout-flow wp-block-column-is-layout-flow">
<p><strong>Cornelia Renker</strong><br>staatlich geprüfte Logopädin</p>
</div>



<div class="wp-block-column is-layout-flow wp-block-column-is-layout-flow">
<p><strong>Heike Saller</strong><br>Sprachheilpädagogin</p>
</div>
</div>
</div>



<hr class="wp-block-separator has-alpha-channel-opacity is-style-wide"/>



<p><strong>Alexandra Paulibl</strong><br>Büro- und Praxishilfe</p>



<p></p>



<p></p>



<p></p>
</div>
</div>

<p>Unser erfahrenes Team besteht aus zwei Logopädinnen und einer Sprachheilpädagogin: Birgit Poschauko-Kalb&#8211; staatlich geprüfte Logopädin&#8211; sektorale Heilpraktikerin Logopädie&#8211; Marburger Konzentrationstrainerin Cornelia Renkerstaatlich geprüfte Logopädin Heike SallerSprachheilpädagogin Alexandra PauliblBüro- und Praxishilfe</p>
