{"id":308,"date":"2020-01-13T11:17:52","date_gmt":"2020-01-13T11:17:52","guid":{"rendered":"https:\/\/demosites.io\/web-agency-gb\/?page_id=5"},"modified":"2024-02-10T16:40:02","modified_gmt":"2024-02-10T14:40:02","slug":"startseite","status":"publish","type":"page","link":"https:\/\/logopraxis.org\/","title":{"rendered":"Startseite"},"content":{"rendered":"\n<h2 class=\"wp-block-heading\" style=\"font-size:57px;font-style:normal;font-weight:700\">Herzlich Willkommen<\/h2>\n\n\n\n<p class=\"has-medium-font-size\">In der logop\u00e4dischen Praxis untersuchen und behandeln Logop\u00e4d:innen und Sprachheilp\u00e4dagog:innen Menschen jeden Alters mit <strong>Sprach-, Sprech-, Stimm-, H\u00f6r- und Schluckst\u00f6rungen<\/strong> die verschiedene Ursachen haben k\u00f6nnen. Dies k\u00f6nnen z. B. sein:- S\u00e4uglinge und Kleinkinder mit angeborenen genetisch und neurologischen Behinderungen- Kinder mit Problemen des Spracherwerbs bzw. der Aussprache- Kinder, Jugendliche und Erwachsene mit Redeflussst\u00f6rungen- Jugendliche und Erwachsene mit Sch\u00e4del- oder Hirnverletzungen- Erwachsene mit neurologischen Erkrankungen (z. B. Schlaganfall, M. Parkinson, etc.)- Kinder, Jugendliche und Erwachsene mit stimmlichen Erkrankungen- Kinder, Jugendliche und Erwachsene mit H\u00f6rst\u00f6rungen.<\/p>\n\n\n\n<p class=\"has-medium-font-size\">Nach erfolgter \u00e4rztlicher \u00dcberweisung findet eine logop\u00e4dische Erstuntersuchung sowie ein Anamnesegespr\u00e4ch statt. Die Ergebnisse der Untersuchung sowie des Gespr\u00e4ches bilden die Grundlage zur Planung der Therapie. Diese erfolgt nach anerkannten Behandlungsmethoden, aber auch immer individuell auf den Patienten abgestimmt. Die logop\u00e4dische Therapie enth\u00e4lt neben spezifischen \u00dcbungen auch alltagsorientierte Hilfen. In Beratungsgespr\u00e4chen werden Angeh\u00f6rige \u00fcber Ursachen und Auswirkungen der Kommunikationsst\u00f6rung aufgekl\u00e4rt und k\u00f6nnen so auch zuhause aktiv mit den Betroffenen arbeiten. Folgende St\u00f6rungsbilder werden in der Praxis behandelt: <\/p>\n\n\n\n<div class=\"wp-block-columns has-medium-font-size is-layout-flex wp-container-core-columns-is-layout-28f84493 wp-block-columns-is-layout-flex\">\n<div class=\"wp-block-column is-layout-flow wp-block-column-is-layout-flow\">\n<p><strong>Bereich Kinder<\/strong><\/p>\n\n\n\n<ul class=\"wp-block-list\">\n<li>Sprachentwicklungsst\u00f6rung<\/li>\n\n\n\n<li>Sprachentwicklungsst\u00f6rung bei Mehrsprachigkeit<\/li>\n\n\n\n<li>Dyslalie (Artikulationsst\u00f6rung)<\/li>\n\n\n\n<li>Myofunktionelle St\u00f6rung<\/li>\n\n\n\n<li>kindliche Sprechapraxie<\/li>\n\n\n\n<li class=\"has-medium-font-size\">Redeflussst\u00f6rung<\/li>\n\n\n\n<li>auditive Verarbeitungs- und Wahrnehmungsst\u00f6rung<\/li>\n\n\n\n<li>Stimmst\u00f6rungen<\/li>\n\n\n\n<li>Rhinophonien<\/li>\n\n\n\n<li>H\u00f6rst\u00f6rungen (H\u00f6rger\u00e4te- und CI-Versorgte)<\/li>\n<\/ul>\n<\/div>\n\n\n\n<div class=\"wp-block-column is-layout-flow wp-block-column-is-layout-flow\">\n<p><strong>Bereich Erwachsene<\/strong><\/p>\n\n\n\n<ul class=\"wp-block-list\">\n<li>Aphasie<\/li>\n\n\n\n<li>Dysarthrie<\/li>\n\n\n\n<li>Sprechapraxie<\/li>\n\n\n\n<li>Demenz<\/li>\n\n\n\n<li>H\u00f6rst\u00f6rungen (H\u00f6rger\u00e4te- und CI-Versorgte)<\/li>\n\n\n\n<li>Dysphagie<\/li>\n\n\n\n<li>Stimmst\u00f6rungen (organisch und funktionell)<\/li>\n\n\n\n<li>Facialisparesen<\/li>\n<\/ul>\n<\/div>\n<\/div>\n\n\n<nav class=\"is-responsive items-justified-right wp-block-navigation is-content-justification-right is-layout-flex wp-container-core-navigation-is-layout-d445cf74 wp-block-navigation-is-layout-flex\" aria-label=\"Men\u00fc\" \n\t\t data-wp-interactive=\"core\/navigation\" data-wp-context='{\"overlayOpenedBy\":{\"click\":false,\"hover\":false,\"focus\":false},\"type\":\"overlay\",\"roleAttribute\":\"\",\"ariaLabel\":\"Men\\u00fc\"}'><button aria-haspopup=\"dialog\" aria-label=\"Men\u00fc \u00f6ffnen\" class=\"wp-block-navigation__responsive-container-open\" \n\t\t\t\tdata-wp-on--click=\"actions.openMenuOnClick\"\n\t\t\t\tdata-wp-on--keydown=\"actions.handleMenuKeydown\"\n\t\t\t><svg width=\"24\" height=\"24\" xmlns=\"http:\/\/www.w3.org\/2000\/svg\" viewBox=\"0 0 24 24\" aria-hidden=\"true\" focusable=\"false\"><path d=\"M4 7.5h16v1.5H4z\"><\/path><path d=\"M4 15h16v1.5H4z\"><\/path><\/svg><\/button>\n\t\t\t\t<div class=\"wp-block-navigation__responsive-container\"  id=\"modal-1\" \n\t\t\t\tdata-wp-class--has-modal-open=\"state.isMenuOpen\"\n\t\t\t\tdata-wp-class--is-menu-open=\"state.isMenuOpen\"\n\t\t\t\tdata-wp-watch=\"callbacks.initMenu\"\n\t\t\t\tdata-wp-on--keydown=\"actions.handleMenuKeydown\"\n\t\t\t\tdata-wp-on--focusout=\"actions.handleMenuFocusout\"\n\t\t\t\ttabindex=\"-1\"\n\t\t\t>\n\t\t\t\t\t<div class=\"wp-block-navigation__responsive-close\" tabindex=\"-1\">\n\t\t\t\t\t\t<div class=\"wp-block-navigation__responsive-dialog\" \n\t\t\t\tdata-wp-bind--aria-modal=\"state.ariaModal\"\n\t\t\t\tdata-wp-bind--aria-label=\"state.ariaLabel\"\n\t\t\t\tdata-wp-bind--role=\"state.roleAttribute\"\n\t\t\t>\n\t\t\t\t\t\t\t<button aria-label=\"Men\u00fc schlie\u00dfen\" class=\"wp-block-navigation__responsive-container-close\" \n\t\t\t\tdata-wp-on--click=\"actions.closeMenuOnClick\"\n\t\t\t><svg xmlns=\"http:\/\/www.w3.org\/2000\/svg\" viewBox=\"0 0 24 24\" width=\"24\" height=\"24\" aria-hidden=\"true\" focusable=\"false\"><path d=\"m13.06 12 6.47-6.47-1.06-1.06L12 10.94 5.53 4.47 4.47 5.53 10.94 12l-6.47 6.47 1.06 1.06L12 13.06l6.47 6.47 1.06-1.06L13.06 12Z\"><\/path><\/svg><\/button>\n\t\t\t\t\t\t\t<div class=\"wp-block-navigation__responsive-container-content\" \n\t\t\t\tdata-wp-watch=\"callbacks.focusFirstElement\"\n\t\t\t id=\"modal-1-content\">\n\t\t\t\t\t\t\t\t<ul class=\"wp-block-navigation__container is-responsive items-justified-right wp-block-navigation\"><li class=\" wp-block-navigation-item wp-block-navigation-link\"><a class=\"wp-block-navigation-item__content\"  href=\"https:\/\/logopraxis.org\/index.php\/impressum\/\"><span class=\"wp-block-navigation-item__label\">Impressum<\/span><\/a><\/li><li class=\" wp-block-navigation-item wp-block-navigation-link\"><a class=\"wp-block-navigation-item__content\"  href=\"https:\/\/logopraxis.org\/index.php\/datenschutzerklaerung\/\"><span class=\"wp-block-navigation-item__label\">Datenschutzerkl\u00e4rung<\/span><\/a><\/li><\/ul>\n\t\t\t\t\t\t\t<\/div>\n\t\t\t\t\t\t<\/div>\n\t\t\t\t\t<\/div>\n\t\t\t\t<\/div><\/nav>","protected":false},"excerpt":{"rendered":"<p>Herzlich Willkommen In der logop\u00e4dischen Praxis untersuchen und behandeln Logop\u00e4d:innen und Sprachheilp\u00e4dagog:innen Menschen jeden Alters mit Sprach-, Sprech-, Stimm-, H\u00f6r- und Schluckst\u00f6rungen die verschiedene Ursachen haben k\u00f6nnen. Dies k\u00f6nnen z. B. sein:- S\u00e4uglinge und Kleinkinder mit angeborenen genetisch und neurologischen Behinderungen- Kinder mit Problemen des Spracherwerbs bzw. der Aussprache- Kinder, Jugendliche und Erwachsene mit Redeflussst\u00f6rungen- [&hellip;]<\/p>\n","protected":false},"author":1,"featured_media":0,"parent":0,"menu_order":0,"comment_status":"closed","ping_status":"closed","template":"","meta":{"zakra_page_container_layout":"contained","zakra_page_sidebar_layout":"no_sidebar","zakra_remove_content_margin":false,"zakra_sidebar":"customizer","zakra_transparent_header":"customizer","zakra_logo":0,"zakra_main_header_style":"default","zakra_menu_item_color":"","zakra_menu_item_hover_color":"","zakra_menu_item_active_color":"","zakra_menu_active_style":"","zakra_page_header":true,"_themeisle_gutenberg_block_has_review":false,"footnotes":""},"class_list":["post-308","page","type-page","status-publish","hentry"],"_links":{"self":[{"href":"https:\/\/logopraxis.org\/index.php\/wp-json\/wp\/v2\/pages\/308","targetHints":{"allow":["GET"]}}],"collection":[{"href":"https:\/\/logopraxis.org\/index.php\/wp-json\/wp\/v2\/pages"}],"about":[{"href":"https:\/\/logopraxis.org\/index.php\/wp-json\/wp\/v2\/types\/page"}],"author":[{"embeddable":true,"href":"https:\/\/logopraxis.org\/index.php\/wp-json\/wp\/v2\/users\/1"}],"replies":[{"embeddable":true,"href":"https:\/\/logopraxis.org\/index.php\/wp-json\/wp\/v2\/comments?post=308"}],"version-history":[{"count":18,"href":"https:\/\/logopraxis.org\/index.php\/wp-json\/wp\/v2\/pages\/308\/revisions"}],"predecessor-version":[{"id":535,"href":"https:\/\/logopraxis.org\/index.php\/wp-json\/wp\/v2\/pages\/308\/revisions\/535"}],"wp:attachment":[{"href":"https:\/\/logopraxis.org\/index.php\/wp-json\/wp\/v2\/media?parent=308"}],"curies":[{"name":"wp","href":"https:\/\/api.w.org\/{rel}","templated":true}]}}

<h2 class="wp-block-heading" style="font-size:57px;font-style:normal;font-weight:700">Herzlich Willkommen</h2>



<p class="has-medium-font-size">In der logopädischen Praxis untersuchen und behandeln Logopäd:innen und Sprachheilpädagog:innen Menschen jeden Alters mit <strong>Sprach-, Sprech-, Stimm-, Hör- und Schluckstörungen</strong> die verschiedene Ursachen haben können. Dies können z. B. sein:- Säuglinge und Kleinkinder mit angeborenen genetisch und neurologischen Behinderungen- Kinder mit Problemen des Spracherwerbs bzw. der Aussprache- Kinder, Jugendliche und Erwachsene mit Redeflussstörungen- Jugendliche und Erwachsene mit Schädel- oder Hirnverletzungen- Erwachsene mit neurologischen Erkrankungen (z. B. Schlaganfall, M. Parkinson, etc.)- Kinder, Jugendliche und Erwachsene mit stimmlichen Erkrankungen- Kinder, Jugendliche und Erwachsene mit Hörstörungen.</p>



<p class="has-medium-font-size">Nach erfolgter ärztlicher Überweisung findet eine logopädische Erstuntersuchung sowie ein Anamnesegespräch statt. Die Ergebnisse der Untersuchung sowie des Gespräches bilden die Grundlage zur Planung der Therapie. Diese erfolgt nach anerkannten Behandlungsmethoden, aber auch immer individuell auf den Patienten abgestimmt. Die logopädische Therapie enthält neben spezifischen Übungen auch alltagsorientierte Hilfen. In Beratungsgesprächen werden Angehörige über Ursachen und Auswirkungen der Kommunikationsstörung aufgeklärt und können so auch zuhause aktiv mit den Betroffenen arbeiten. Folgende Störungsbilder werden in der Praxis behandelt: </p>



<div class="wp-block-columns has-medium-font-size is-layout-flex wp-container-core-columns-is-layout-28f84493 wp-block-columns-is-layout-flex">
<div class="wp-block-column is-layout-flow wp-block-column-is-layout-flow">
<p><strong>Bereich Kinder</strong></p>



<ul class="wp-block-list">
<li>Sprachentwicklungsstörung</li>



<li>Sprachentwicklungsstörung bei Mehrsprachigkeit</li>



<li>Dyslalie (Artikulationsstörung)</li>



<li>Myofunktionelle Störung</li>



<li>kindliche Sprechapraxie</li>



<li class="has-medium-font-size">Redeflussstörung</li>



<li>auditive Verarbeitungs- und Wahrnehmungsstörung</li>



<li>Stimmstörungen</li>



<li>Rhinophonien</li>



<li>Hörstörungen (Hörgeräte- und CI-Versorgte)</li>
</ul>
</div>



<div class="wp-block-column is-layout-flow wp-block-column-is-layout-flow">
<p><strong>Bereich Erwachsene</strong></p>



<ul class="wp-block-list">
<li>Aphasie</li>



<li>Dysarthrie</li>



<li>Sprechapraxie</li>



<li>Demenz</li>



<li>Hörstörungen (Hörgeräte- und CI-Versorgte)</li>



<li>Dysphagie</li>



<li>Stimmstörungen (organisch und funktionell)</li>



<li>Facialisparesen</li>
</ul>
</div>
</div>


<nav class="is-responsive items-justified-right wp-block-navigation is-content-justification-right is-layout-flex wp-container-core-navigation-is-layout-d445cf74 wp-block-navigation-is-layout-flex" aria-label="Menü" 
		 data-wp-interactive="core/navigation" data-wp-context='{"overlayOpenedBy":{"click":false,"hover":false,"focus":false},"type":"overlay","roleAttribute":"","ariaLabel":"Men\u00fc"}'><button aria-haspopup="dialog" aria-label="Menü öffnen" class="wp-block-navigation__responsive-container-open" 
				data-wp-on--click="actions.openMenuOnClick"
				data-wp-on--keydown="actions.handleMenuKeydown"
			><svg width="24" height="24" xmlns="http://www.w3.org/2000/svg" viewBox="0 0 24 24" aria-hidden="true" focusable="false"><path d="M4 7.5h16v1.5H4z"></path><path d="M4 15h16v1.5H4z"></path></svg></button>
				<div class="wp-block-navigation__responsive-container"  id="modal-1" 
				data-wp-class--has-modal-open="state.isMenuOpen"
				data-wp-class--is-menu-open="state.isMenuOpen"
				data-wp-watch="callbacks.initMenu"
				data-wp-on--keydown="actions.handleMenuKeydown"
				data-wp-on--focusout="actions.handleMenuFocusout"
				tabindex="-1"
			>
					<div class="wp-block-navigation__responsive-close" tabindex="-1">
						<div class="wp-block-navigation__responsive-dialog" 
				data-wp-bind--aria-modal="state.ariaModal"
				data-wp-bind--aria-label="state.ariaLabel"
				data-wp-bind--role="state.roleAttribute"
			>
							<button aria-label="Menü schließen" class="wp-block-navigation__responsive-container-close" 
				data-wp-on--click="actions.closeMenuOnClick"
			><svg xmlns="http://www.w3.org/2000/svg" viewBox="0 0 24 24" width="24" height="24" aria-hidden="true" focusable="false"><path d="m13.06 12 6.47-6.47-1.06-1.06L12 10.94 5.53 4.47 4.47 5.53 10.94 12l-6.47 6.47 1.06 1.06L12 13.06l6.47 6.47 1.06-1.06L13.06 12Z"></path></svg></button>
							<div class="wp-block-navigation__responsive-container-content" 
				data-wp-watch="callbacks.focusFirstElement"
			 id="modal-1-content">
								<ul class="wp-block-navigation__container is-responsive items-justified-right wp-block-navigation"><li class=" wp-block-navigation-item wp-block-navigation-link"><a class="wp-block-navigation-item__content"  href="https://logopraxis.org/index.php/impressum/"><span class="wp-block-navigation-item__label">Impressum</span></a></li><li class=" wp-block-navigation-item wp-block-navigation-link"><a class="wp-block-navigation-item__content"  href="https://logopraxis.org/index.php/datenschutzerklaerung/"><span class="wp-block-navigation-item__label">Datenschutzerklärung</span></a></li></ul>
							</div>
						</div>
					</div>
				</div></nav>

<p>Herzlich Willkommen In der logopädischen Praxis untersuchen und behandeln Logopäd:innen und Sprachheilpädagog:innen Menschen jeden Alters mit Sprach-, Sprech-, Stimm-, Hör- und Schluckstörungen die verschiedene Ursachen haben können. Dies können z. B. sein:- Säuglinge und Kleinkinder mit angeborenen genetisch und neurologischen Behinderungen- Kinder mit Problemen des Spracherwerbs bzw. der Aussprache- Kinder, Jugendliche und Erwachsene mit Redeflussstörungen- [&hellip;]</p>
